lculate the remainder when 335 is divided by 76.
31
What is the remainder when 2906148 is divided by 526?
524
Calculate the remainder when 14362 is divided by 1694.
810
Calculate the remainder when 2356 is divided by 297.
277
What is the remainder when 18786 is divided by 68?
18
What is the remainder when 39168 is divided by 7?
3
Calculate the remainder when 26146 is divided by 595.
561
What is the remainder when 1347 is divided by 514?
319
What is the remainder when 35669 is divided by 23?
19
What is the remainder when 7040 is divided by 880?
0
Calculate the remainder when 3329 is divided by 564.
509
What is the remainder when 1537769 is divided by 16?
9
Calculate the remainder when 646171 is divided by 83.
16
Calculate the remainder when 39301 is divided by 106.
81
What is the remainder when 147629 is divided by 15?
14
What is the remainder when 4030 is divided by 63?
61
What is the remainder when 26771 is divided by 97?
96
What is the remainder when 48039 is divided by 12009?
3
What is the remainder when 2495 is divided by 281?
247
What is the remainder when 6851 is divided by 42?
5
What is the remainder when 9924 is divided by 53?
13
What is the remainder when 32082 is divided by 55?
17
What is the remainder when 13808 is divided by 1206?
542
What is the remainder when 9812 is divided by 26?
10
Calculate the remainder when 975402 is divided by 14.
8
Calculate the remainder when 18 is divided by 10.
8
What is the remainder when 18516 is divided by 168?
36
Calculate the remainder when 7655 is divided by 101.
80
Calculate the remainder when 39512 is divided by 37.
33
Calculate the remainder when 50064 is divided by 25006.
52
What is the remainder when 942 is divided by 468?
6
What is the remainder when 28679 is divided by 1432?
39
What is the remainder when 2482 is divided by 1102?
278
Calculate the remainder when 312533 is divided by 18.
17
Calculate the remainder when 47838 is divided by 319.
307
What is the remainder when 6422 is divided by 1067?
20
Calculate the remainder when 1642 is divided by 190.
122
Calculate the remainder when 4514 is divided by 34.
26
Calculate the remainder when 21374 is divided by 3561.
8
Calculate the remainder when 5343 is divided by 763.
2
Calculate the remainder when 17914 is divided by 2079.
1282
What is the remainder when 642 is divided by 209?
15
Calculate the remainder when 231 is divided by 51.
27
Calculate the remainder when 5389 is divided by 822.
457
Calculate the remainder when 218015 is divided by 94.
29
What is the remainder when 2754 is divided by 210?
24
What is the remainder when 1026711 is divided by 356?
7
What is the remainder when 274285 is divided by 26?
11
Calculate the remainder when 61225 is divided by 63.
52
Calculate the remainder when 8218 is divided by 102.
58
What is the remainder when 47305 is divided by 70?
55
What is the remainder when 89371 is divided by 20?
11
What is the remainder when 1628 is divided by 784?
60
Calculate the remainder when 1536 is divided by 1473.
63
What is the remainder when 1124343 is divided by 36?
27
Calculate the remainder when 331041 is divided by 10.
1
What is the remainder when 2414910 is divided by 804967?
9
What is the remainder when 1326 is divided by 1310?
16
What is the remainder when 51904 is divided by 101?
91
What is the remainder when 88855 is divided by 35?
25
Calculate the remainder when 499 is divided by 3.
1
What is the remainder when 53684 is divided by 13409?
48
Calculate the remainder when 6176 is divided by 1234.
6
What is the remainder when 41306 is divided by 153?
149
What is the remainder when 51982 is divided by 144?
142
What is the remainder when 11201 is divided by 102?
83
What is the remainder when 12295 is divided by 3750?
1045
What is the remainder when 386099 is divided by 74?
41
What is the remainder when 9104 is divided by 826?
18
What is the remainder when 1429376 is divided by 15?
11
What is the remainder when 62410 is divided by 34?
20
What is the remainder when 14672 is divided by 258?
224
What is the remainder when 188903 is divided by 1?
0
What is the remainder when 17630 is divided by 20?
10
Calculate the remainder when 309706 is divided by 1489.
1483
What is the remainder when 4626679 is divided by 428?
427
What is the remainder when 30826 is divided by 192?
106
Calculate the remainder when 88034 is divided by 1224.
1130
Calculate the remainder when 9599 is divided by 253.
238
What is the remainder when 6888 is divided by 861?
0
Calculate the remainder when 2759 is divided by 277.
266
What is the remainder when 1151367 is divided by 15?
12
What is the remainder when 6404 is divided by 2114?
62
What is the remainder when 4797991 is divided by 589?
586
Calculate the remainder when 5826 is divided by 977.
941
What is the remainder when 56625 is divided by 17?
15
What is the remainder when 25503 is divided by 11?
5
What is the remainder when 70602 is divided by 1639?
125
What is the remainder when 780 is divided by 17?
15
Calculate the remainder when 12889 is divided by 650.
539
Calculate the remainder when 8681 is divided by 4.
1
Calculate the remainder when 347 is divided by 60.
47
Calculate the remainder when 126181 is divided by 370.
11
What is the remainder when 25616 is divided by 20?
16
Calculate the remainder when 160598 is divided by 44.
42
Calculate the remainder when 6057 is divided by 60.
57
Calculate the remainder when 22298 is divided by 354.
350
Calculate the remainder when 25468 is divided by 387.
313
What is the remainder when 9553 is divided by 749?
565
Calculate the remainder when 186631 is divided by 25.
6
What is the remainder when 74474 is divided by 24810?
44
What is the remainder when 1970316 is divided by 247?
244
Calculate the remainder when 101863 is divided by 56.
55
What is the remainder when 19375 is divided by 57?
52
What is the remainder when 9385 is divided by 119?
103
What is the remainder when 2960 is divided by 230?
200
What is the remainder when 992846 is divided by 539?
8
What is the remainder when 165735 is divided by 6?
3
Calculate the remainder when 273361 is divided by 59.
14
Calculate the remainder when 1287 is divided by 23.
22
Calculate the remainder when 104076 is divided by 86.
16
What is the remainder when 4788 is divided by 1481?
345
What is the remainder when 659561 is divided by 157?
4
Calculate the remainder when 2389 is divided by 114.
109
What is the remainder when 976 is divided by 486?
4
Calculate the remainder when 2379 is divided by 70.
69
What is the remainder when 3113 is divided by 361?
225
What is the remainder when 61512 is divided by 89?
13
What is the remainder when 19200 is divided by 15?
0
What is the remainder when 64652 is divided by 12?
8
What is the remainder when 64283 is divided by 16?
11
Calculate the remainder when 11258 is divided by 22.
16
What is the remainder when 2620 is divided by 395?
250
What is the remainder when 8812 is divided by 15?
7
What is the remainder when 25475 is divided by 455?
450
Calculate the remainder when 289826 is divided by 96605.
11
What is the remainder when 2506 is divided by 587?
158
What is the remainder when 333757 is divided by 55614?
73
What is the remainder when 78758 is divided by 20?
18
What is the remainder when 7164 is divided by 92?
80
What is the remainder when 868 is divided by 46?
40
Calculate the remainder when 1174 is divided by 61.
15
What is the remainder when 25729 is divided by 8528?
145
Calculate the remainder when 13998 is divided by 4663.
9
What is the remainder when 173058 is divided by 63?
60
Calculate the remainder when 643722 is divided by 117.
105
What is the remainder when 71796 is divided by 91?
88
Calculate the remainder when 3885 is divided by 262.
217
What is the remainder when 3376 is divided by 60?
16
Calculate the remainder when 13226 is divided by 747.
527
Calculate the remainder when 1737 is divided by 744.
249
Calculate the remainder when 334168 is divided by 470.
468
What is the remainder when 547028 is divided by 208?
196
What is the remainder when 8709 is divided by 66?
63
Calculate the remainder when 14080 is divided by 2602.
1070
Calculate the remainder when 1195799 is divided by 8.
7
Calculate the remainder when 1989 is divided by 98.
29
What is the remainder when 5